t is the highest common factor of 47066750 and 125?
125
Calculate the highest common factor of 30720389 and 8106.
1351
Calculate the greatest common factor of 1830300 and 6900.
300
Calculate the highest common factor of 3179592 and 14742.
234
What is the highest common factor of 27825118 and 146?
146
Calculate the highest common factor of 990 and 9963045.
45
Calculate the greatest common factor of 20945 and 24501461.
4189
Calculate the greatest common factor of 61 and 229682019.
61
Calculate the highest common divisor of 1696550 and 950.
50
What is the highest common divisor of 62113 and 134983?
347
Calculate the highest common divisor of 1224 and 575131896.
1224
Calculate the greatest common factor of 19515738 and 198.
66
What is the greatest common divisor of 105924 and 16680508?
5044
Calculate the greatest common divisor of 46684932 and 115106.
1718
What is the highest common factor of 2442240 and 90736?
848
What is the highest common divisor of 257445000 and 2250?
2250
What is the highest common divisor of 7230 and 15810?
30
Calculate the highest common divisor of 56250 and 2510750.
250
What is the highest common divisor of 90470 and 1966905?
545
What is the greatest common factor of 2692740375 and 169?
169
Calculate the highest common factor of 8754912 and 81.
27
Calculate the highest common factor of 12576 and 75552.
96
What is the highest common factor of 125 and 327724125?
125
What is the greatest common factor of 78 and 702708?
6
What is the highest common factor of 2961 and 276388?
7
Calculate the greatest common divisor of 1488 and 93468.
12
What is the greatest common divisor of 124 and 48750290?
62
Calculate the greatest common divisor of 6248015 and 5.
5
What is the highest common divisor of 40163791 and 17933?
227
Calculate the highest common factor of 214520 and 3115730.
1730
Calculate the greatest common factor of 961 and 285660133.
961
What is the greatest common factor of 6165 and 360638937?
1233
What is the greatest common divisor of 374 and 490050?
22
Calculate the highest common divisor of 75 and 15042400.
25
Calculate the greatest common factor of 128918 and 2004410.
1766
What is the greatest common factor of 2957424 and 54?
6
What is the greatest common divisor of 2686 and 55075324?
158
What is the greatest common divisor of 1880 and 9722890?
470
What is the greatest common divisor of 4963216 and 2208?
368
What is the highest common factor of 18676 and 67019?
29
What is the highest common divisor of 317950 and 40200?
50
What is the highest common factor of 94 and 57805817?
47
Calculate the highest common divisor of 469 and 1038835.
469
Calculate the highest common divisor of 3164 and 20797.
7
What is the greatest common divisor of 826 and 223802399?
59
Calculate the greatest common divisor of 1232930244 and 1638.
546
Calculate the greatest common factor of 806 and 19863441.
13
Calculate the highest common factor of 87606574 and 22.
22
What is the greatest common factor of 324 and 2471607?
27
What is the highest common factor of 632586 and 204972?
3534
What is the highest common factor of 8528 and 286754?
1066
What is the greatest common factor of 1669118 and 374?
22
Calculate the highest common factor of 453071 and 13527.
167
Calculate the highest common factor of 16875 and 5402500.
625
Calculate the greatest common factor of 146659278 and 12.
6
What is the highest common factor of 6967720 and 1470?
10
Calculate the highest common divisor of 12275681 and 51887.
979
Calculate the highest common factor of 705749 and 39113800.
8503
What is the greatest common divisor of 2013 and 972609?
33
What is the highest common divisor of 8550 and 37550475?
225
What is the greatest common factor of 4044568 and 40?
8
What is the greatest common divisor of 4825 and 3769290?
965
What is the highest common divisor of 3128 and 948056?
136
Calculate the greatest common factor of 25137774 and 2763.
2763
Calculate the greatest common divisor of 1120 and 257880560.
560
What is the highest common factor of 138 and 17341954?
46
What is the highest common factor of 40055057 and 6538?
3269
Calculate the greatest common factor of 7257352 and 4.
4
Calculate the greatest common factor of 1042891 and 230869.
7961
Calculate the greatest common divisor of 129403521 and 351.
351
What is the greatest common factor of 325358 and 52739?
23
What is the greatest common divisor of 33737536 and 784?
112
Calculate the greatest common divisor of 339397 and 19.
19
What is the highest common divisor of 6292825 and 1227743?
5137
What is the greatest common divisor of 372 and 49125018?
186
Calculate the highest common factor of 321668 and 17391880.
5452
What is the greatest common divisor of 37 and 382867712?
37
Calculate the highest common divisor of 6710886 and 63.
63
What is the highest common factor of 153270 and 37990?
1310
What is the greatest common divisor of 13466398 and 22?
22
Calculate the greatest common divisor of 437016 and 112.
8
Calculate the highest common divisor of 33381138 and 32452.
266
Calculate the greatest common factor of 26240 and 259770752.
5248
What is the greatest common factor of 9327996 and 72?
36
Calculate the greatest common divisor of 130739 and 70984396.
6881
What is the highest common divisor of 678500 and 344500?
500
What is the highest common factor of 3 and 3634275?
3
What is the highest common divisor of 594362 and 27448?
94
Calculate the greatest common divisor of 301155138 and 321.
321
Calculate the highest common factor of 30 and 2070105.
15
Calculate the highest common divisor of 12 and 14337564.
12
Calculate the greatest common divisor of 510072 and 10296.
24
Calculate the highest common factor of 739651 and 646.
19
What is the highest common factor of 13 and 179642411?
13
What is the highest common factor of 1626900 and 5225?
275
Calculate the highest common factor of 9975 and 18387775.
175
Calculate the highest common divisor of 8551 and 23596.
17
Calculate the highest common divisor of 4 and 8723668.
4
Calculate the highest common factor of 800 and 3102875.
25
Calculate the highest common divisor of 1909 and 618746.
23
What is the highest common divisor of 10926351 and 99?
9
Calculate the highest common divisor of 5 and 2786959505.
5
Calculate the highest common factor of 160 and 546170.
10
What is the greatest common divisor of 227115 and 10?
5
Calculate the highest common divisor of 2585 and 10775.
5
Calculate the greatest common divisor of 465 and 261255.
15
What is the highest common divisor of 9315405 and 22842?
243
What is the highest common factor of 60278222 and 15501?
5167
Calculate the greatest common divisor of 2451648 and 2112.
192
What is the highest common divisor of 1283691 and 731904?
2859
Calculate the highest common divisor of 913813 and 246560.
1541
What is the highest common divisor of 405 and 70344531?
81
What is the highest common divisor of 25753 and 19322674?
1981
What is the greatest common divisor of 17947 and 4438937?
137
Calculate the greatest common divisor of 657 and 6422832.
657
What is the highest common factor of 1908590 and 506039?
1751
What is the greatest common factor of 180 and 133085340?
180
What is the greatest common factor of 611795877 and 77?
77
Calculate the highest common factor of 3710 and 767606.
14
What is the highest common factor of 13 and 5307887?
13
What is the highest common factor of 5594490 and 2160?
90
Calculate the highest common factor of 22 and 38197918.
22
What is the greatest common factor of 10 and 3230895?
5
Calculate the greatest common factor of 170226 and 11214.
126
What is the greatest common factor of 44225 and 4695475?
1525
Calculate the greatest common divisor of 10 and 383540370.
10
What is the greatest common factor of 951721 and 3021?
53
Calculate the greatest common factor of 292215 and 14145.
345
Calculate the highest common divisor of 186183850 and 50.
50
What is the highest common factor of 804785 and 8165?
355
What is the highest common divisor of 4676517 and 531?
531
Calculate the greatest common divisor of 11836543 and 53.
53
Calculate the highest common factor of 73000 and 147125.
125
What is the greatest common divisor of 471470 and 360?
10
Calculate the greatest common divisor of 76 and 1528778.
38
What is the highest common divisor 